 35. Calculate the remainder when t is divided by v.
4
Suppose -s - 17 = -3*s + m, -4*s = -4*m - 44. Let x = -76 - -80. What is the remainder when s is divided by 3/x + (-75)/(-60)?
0
Suppose 25*f + 494 = 28*f + m, 0 = -2*f - m + 329. What is the remainder when 371 is divided by f?
41
Suppose 0 = 886*f - 887*f + 91. What is the remainder when 904 is divided by f?
85
Let v be 3/9 + (-13)/3. Calculate the remainder when ((-8)/(-76) + 917/133)*1 is divided by 86/30 - v/30.
1
Suppose 0 = 79*f - 14352 - 17327. What is the remainder when f is divided by 61?
35
Let q(z) = -26*z + 2007. Calculate the remainder when 208 is divided by q(76).
22
Let j(t) = -44*t + 3. Let o be j(0). Let z = o - -136. What is the remainder when z is divided by 16?
11
Suppose 7 = 3*j - 2*a, -2*j + 3*a + 63 = 60. What is the remainder when 176 is divided by j?
2
Suppose 3*o = 2*o + 1708. Let h be o/15 - (-20)/150. Suppose 5*j - 196 = h. Calculate the remainder when j is divided by 21.
20
Let f = 11869 + -11866. Suppose 0 = -0*o - 3*o + 9. Calculate the remainder when f is divided by o.
0
Let y be 6/(-6 + 3) + 11. Suppose -14*a + 740 = -y*a. Calculate the remainder when a is divided by 46.
10
Suppose 1124*o + 88 = 1126*o. Calculate the remainder when 689 is divided by o.
29
Let h be (6 + (-88)/16)/(2/584). Suppose 5*p - 401 = -h. Calculate the remainder when p is divided by 39.
12
Let y = -3320 + 4863. Suppose 10*g - 827 - y = 0. Calculate the remainder when g is divided by 81.
75
Let g = -5439 + 5480. What is the remainder when 2459 is divided by g?
40
Suppose 0 = 3*j + 19*j - 176. Let u(h) = 30*h - 146. What is the remainder when u(j) is divided by 4?
2
What is the remainder when ((-63)/(-84))/(1/(-2192)*-12) is divided by 108?
29
Suppose -5*y - 7260 = -5*u, -40*u - 5*y = -38*u - 2918. What is the remainder when u is divided by 97?
96
Suppose -a + 424 = -352. Suppose -33*y - a = -41*y. What is the remainder when y is divided by 33?
31
Let v = -18 - -187. Suppose 2*q = 2*c - 74, -c + 6*c + 3*q - v = 0. What is the remainder when c is divided by (-1)/(22/(-202)) + 140/(-770)?
8
Let n(v) be the third derivative of v**5/10 + v**4/12 + 4*v**3/3 - v**2 - 20. Calculate the remainder when n(6) is divided by 30.
26
Let q = -240 - -258. What is the remainder when 282 is divided by q?
12
Let n(i) be the first derivative of -1/2*i**2 - 3*i + 2/3*i**3 - 17. What is the remainder when n(3) is divided by 4?
0
Suppose 3*s = 4*g + 4569, 4*s - 4*g = 6218 - 130. Calculate the remainder when s is divided by 27.
7
Let r(y) = 1351*y**2 + 13*y - 11 - 1352*y**2 - 2*y. What is the remainder when 816 is divided by r(6)?
18
Let q(p) = p**2 - 4*p - 7. Let w(o) = 2*o**2 - 7*o - 15. Let t(c) = 5*q(c) - 2*w(c). Let u = 1816 + -1808. Calculate the remainder when 30 is divided by t(u).
8
Suppose 5*a = 3*z + 207, -z + 5*z - 62 = -2*a. Suppose 4*l + a*w - 37*w = 316, l - 81 = -w. Calculate the remainder when 270 is divided by l.
39
Suppose 44*u = 2809 - 785. Calculate the remainder when 137 is divided by u.
45
Let b = -3393 + 3483. Calculate the remainder when b is divided by 28.
6
Let n(u) = 577*u**2 + 66*u + 70. What is the remainder when n(-1) is divided by 117?
113
Suppose 3*r - 495 = -2*r + 3*l, -515 = -5*r - l. Let u = 1070 - 1035. What is the remainder when r is divided by u?
32
Suppose 13 = -9*u + 8*u. Suppose -74 - 301 = -5*d. What is the remainder when d is divided by 2/(((-6)/u)/3)?
10
Let u(t) = t**3 + t**2 + t + 31. Let l be u(0). Suppose 0 = -5*f - l + 91. What is the remainder when 31 - 1 - (-10)/95*-19 is divided by f?
4
Let o(z) = -45*z**3 + 235*z**2 + 10*z - 15. Calculate the remainder when o(5) is divided by 104.
77
Let f = -2720 - -2800. Calculate the remainder when f is divided by 43.
37
Suppose -3*x + 111 - 21 = 0. Let v(n) = n**3 + 5*n**2 - 8*n - 4. Let b = 5 - 11. Calculate the remainder when x is divided by v(b).
6
Let u(w) = -w**2 + 13*w + 36. Let z be u(15). Let d be 74 - (-12)/30*-5. Calculate the remainder when (z/12)/(1/d) is divided by 20.
16
Suppose -23*y + 220 = -28*y - f, 177 = -4*y - f. Let x(j) = -j**2 - 48*j - 182. What is the remainder when 56 is divided by x(y)?
23
Let l(x) = 2*x**2 - 3*x**2 + 34*x + 3*x - 57. What is the remainder when l(30) is divided by 39?
36
Suppose 4*m - 318 = q + 33, -2*m + 174 = -2*q. Let l = 432 - 188. Calculate the remainder when l is divided by m.
68
Let c = 47 - -17. Calculate the remainder when 359 is divided by c.
39
Let k be (-8)/(-36)*3*(-14 - -8). What is the remainder when k*16*(-3)/6 is divided by 14?
4
Suppose 0 = 3*w - k - 54, 2*w - 30 = -3*k + 28. Calculate the remainder when 3318 is divided by w.
18
Suppose 10*q - 2986 = 1415 - 741. What is the remainder when q is divided by 113?
27
Let h = 10016 - 9999. Calculate the remainder when h is divided by ((-2)/3)/((-2)/27).
8
Suppose 5*p - 3*p = r - 180, 0 = 2*r - p - 363. Let m(w) = -w**2 + 270*w - 9358. Calculate the remainder when r is divided by m(41).
27
Suppose 0 = z - 7*p + 3*p - 80, 0 = 4*p - 8. Let a be (-2)/4*(-2 + z). Let u = a + 55. What is the remainder when 44 is divided by u?
8
Let h = -100 - -149. Let k be 19/(-95) + (-176)/(-5). Let j = k + -29. Calculate the remainder when h is divided by j.
1
Suppose -1055 = -5*c - 4*y, -895 = -4*c + 119*y - 112*y. Suppose 5*k - 195 = 155. What is the remainder when c is divided by k?
5
Let r(v) = 4*v + 23. Let s be r(-11). Let i = 37 + s. What is the remainder when (1 + -3)/(52/78) - -46 is divided by i?
11
Let r = -265705 + 265750. Let f(i) = 7*i**2 - 1. What is the remainder when r is divided by f(-2)?
18
Suppose -3*x - 599*m + 603*m - 27 = 0, 0 = -5*x + 3*m - 12. Calculate the remainder when 379 is divided by x.
1
Let s = 76 + 369. Let u = s + -346. What is the remainder when u is divided by 10?
9
Let o = -524 + 41. Let t(y) = y**3 + 13*y**2 - 33*y - 3. What is the remainder when t(-15) is divided by ((-2)/(-3))/((-14)/o)?
19
Calculate the remainder when 514 is divided by ((-2)/(-2) + 1)*((-987)/(-14) + -17).
86
Suppose -3*a + a = -200. Suppose 65*d - 2040 = -2*d + 27*d. What is the remainder when a is divided by d?
49
Let r(g) = -12 + 8*g + 3*g**3 - 4*g**3 + 15 + 5*g**2. Let k be (32/(-24))/((4/18)/(-1)). What is the remainder when 25 is divided by r(k)?
10
Suppose 4982 = 111*l - 5*l. Calculate the remainder when l is divided by 33.
14
Let a = -10310 + 10322. Let h(r) = -r. Let z be h(4). What is the remainder when z/6*387/(-6) is divided by a?
7
Suppose 0 = 2*o - 5*m + 22, -m = 3*o - 1159 + 1141. Calculate the remainder when 92 is divided by o.
0
Let m = -76 + 100. Suppose b + 3*u = 24, u + u = b - m. Calculate the remainder when 29 is divided by b.
5
Suppose 336 = -217*a + 233*a. What is the remainder when 550 is divided by a?
4
Suppose -3*b + a + 4 = 0, -3*b + a = 5*a - 14. Let v(i) = -6*i + 4 - 7*i + 3*i + i**3 + 0*i**b - 3*i**2. Calculate the remainder when v(7) is divided by 44.
42
Let x = 9094 - 8968. Calculate the remainder when x is divided by 83.
43
Let o(l) = -40*l + 956. Calculate the remainder when 956 is divided by o(12).
4
Suppose y = -8 + 33. Let f = 136 - 129. Suppose -a + f - 1 = 0. What is the remainder when y is divided by a?
1
Let d(l) = 23*l**2 - 5*l + 2. Let g be d(4). Suppose 5*q = -2*o + 707, 2*o - 350 - g = 2*q. What is the remainder when o is divided by 32?
31
Let l(s) = s**2 - 2*s + 9. Calculate the remainder when (3 + 99/15)/((-40)/(-100)) is divided by l(4).
7
Let f = -39313 - -39662. Calculate the remainder when f is divided by 7.
6
Let n = 6684 - 6670. Calculate the remainder when 75 is divided by n.
5
Suppose 18*x + 1502 - 4022 = 0. Let y = 145 - x. What is the remainder when 224 is divided by y?
4
Let s(i) be the first derivative of 13*i**4/4 + 4*i**3/3 - 11*i**2/2 + 5*i - 80. Calculate the remainder when s(2) is divided by 27.
22
Suppose -9*k = -1000 + 64. Let o = -23 + 59. Calculate the remainder when k is divided by o.
32
Let f(l) = l**3 - 26*l**2 - 72*l + 1244. Calculate the remainder when 372 is divided by f(27).
24
Let t(q) = -9*q**2 - 13*q - 19. Let y be t(-4). Let a = -79 - y. What is the remainder when 186 is divided by a?
26
Suppose 0*o - 3*o = 3*c - 207, -c + 4*o + 64 = 0. What is the remainder when c is divided by 16/(11*14/77)?
4
What is the remainder when (-570)/(-110) + (-4)/2